{"id":21,"date":"2010-03-24T19:52:31","date_gmt":"2010-03-24T18:52:31","guid":{"rendered":"http:\/\/etudes-woolfiennes.org\/?page_id=21"},"modified":"2025-10-12T13:10:33","modified_gmt":"2025-10-12T11:10:33","slug":"21-2","status":"publish","type":"page","link":"https:\/\/etudes-woolfiennes.org\/?page_id=21","title":{"rendered":"Le Bureau"},"content":{"rendered":"\n<p class=\"has-text-align-center\"><strong><em>Pr\u00e9sidente<\/em> : Anne Besnault<\/strong> (Universit\u00e9 de Rouen)<\/p>\n\n\n\n<p class=\"has-text-align-center\"><em>&lt;<a href=\"mailto:anne.besnault@univ-rouen.fr\" target=\"_blank\" rel=\"noopener\">anne.besnault@univ-rouen.fr<\/a>&gt;<\/em><\/p>\n\n\n\n<figure class=\"wp-block-image aligncenter is-resized\"><a href=\"https:\/\/etudes-woolfiennes.org\/wp-content\/uploads\/2017\/12\/p-Insert-3.png\"><img loading=\"lazy\" decoding=\"async\" width=\"282\" height=\"280\" src=\"http:\/\/etudes-woolfiennes.org\/wp-content\/uploads\/2017\/12\/p-Insert-3.png\" alt=\"\" class=\"wp-image-2073\" style=\"width:25px;height:auto\" srcset=\"https:\/\/etudes-woolfiennes.org\/wp-content\/uploads\/2017\/12\/p-Insert-3.png 282w, https:\/\/etudes-woolfiennes.org\/wp-content\/uploads\/2017\/12\/p-Insert-3-150x150.png 150w\" sizes=\"auto, (max-width: 282px) 100vw, 282px\" \/><\/a><\/figure>\n\n\n\n<p class=\"has-text-align-center\"><strong><em>Vice-Pr\u00e9sidente<\/em> : Marie Laniel <\/strong>(Universit\u00e9 d&rsquo;Amiens)<\/p>\n\n\n\n<p class=\"has-text-align-center\"><em>&lt;<a href=\"mailto: marie.laniel@gmail.com\">marie.laniel@gmail.com<\/a>&gt;<\/em><\/p>\n\n\n\n<figure class=\"wp-block-image aligncenter is-resized\"><a href=\"https:\/\/etudes-woolfiennes.org\/wp-content\/uploads\/2017\/12\/p-Insert-3.png\"><img loading=\"lazy\" decoding=\"async\" width=\"282\" height=\"280\" src=\"http:\/\/etudes-woolfiennes.org\/wp-content\/uploads\/2017\/12\/p-Insert-3.png\" alt=\"\" class=\"wp-image-2073\" style=\"width:25px;height:auto\" srcset=\"https:\/\/etudes-woolfiennes.org\/wp-content\/uploads\/2017\/12\/p-Insert-3.png 282w, https:\/\/etudes-woolfiennes.org\/wp-content\/uploads\/2017\/12\/p-Insert-3-150x150.png 150w\" sizes=\"auto, (max-width: 282px) 100vw, 282px\" \/><\/a><\/figure>\n\n\n\n<p class=\"has-text-align-center\"><strong><em>Vice-Pr\u00e9sident\uff65e<\/em> : Val\u00e9rie Favre <\/strong>(Universit\u00e9 Paris 1 Panth\u00e9on-Sorbonne)<\/p>\n\n\n\n<p class=\"has-text-align-center\"><em>&lt;<a href=\"mailto:vrfavre@gmail.com\" target=\"_blank\" rel=\"noopener\"><span id=\"gwt-uid-84\">vrfavre@gmail.com<\/span><\/a>&gt;<\/em><\/p>\n\n\n\n<figure class=\"wp-block-image aligncenter is-resized\"><a href=\"https:\/\/etudes-woolfiennes.org\/wp-content\/uploads\/2017\/12\/p-Insert-3.png\"><img loading=\"lazy\" decoding=\"async\" width=\"282\" height=\"280\" src=\"http:\/\/etudes-woolfiennes.org\/wp-content\/uploads\/2017\/12\/p-Insert-3.png\" alt=\"\" class=\"wp-image-2073\" style=\"width:25px;height:auto\" srcset=\"https:\/\/etudes-woolfiennes.org\/wp-content\/uploads\/2017\/12\/p-Insert-3.png 282w, https:\/\/etudes-woolfiennes.org\/wp-content\/uploads\/2017\/12\/p-Insert-3-150x150.png 150w\" sizes=\"auto, (max-width: 282px) 100vw, 282px\" \/><\/a><\/figure>\n\n\n\n<p class=\"has-text-align-center\"><strong><em>Secr\u00e9taire<\/em> : Floriane Reviron-Pi\u00e9gay<\/strong> (Universit\u00e9 Jean Monnet)<\/p>\n\n\n\n<p class=\"has-text-align-center\"><em>&lt;<a href=\"mailto:floriane.reviron.piegay@univ-st-etienne.fr\">floriane.reviron.piegay@univ-st-etienne.fr<\/a>&gt;<\/em><\/p>\n\n\n\n<figure class=\"wp-block-image aligncenter is-resized\"><a href=\"https:\/\/etudes-woolfiennes.org\/wp-content\/uploads\/2017\/12\/p-Insert-3.png\"><img loading=\"lazy\" decoding=\"async\" width=\"282\" height=\"280\" src=\"http:\/\/etudes-woolfiennes.org\/wp-content\/uploads\/2017\/12\/p-Insert-3.png\" alt=\"\" class=\"wp-image-2073\" style=\"width:25px;height:auto\" srcset=\"https:\/\/etudes-woolfiennes.org\/wp-content\/uploads\/2017\/12\/p-Insert-3.png 282w, https:\/\/etudes-woolfiennes.org\/wp-content\/uploads\/2017\/12\/p-Insert-3-150x150.png 150w\" sizes=\"auto, (max-width: 282px) 100vw, 282px\" \/><\/a><\/figure>\n\n\n\n<p class=\"has-text-align-center\"><strong><em>Tr\u00e9sori\u00e8re et charg\u00e9e de communication <\/em>: Ad\u00e8le Cassigneul<\/strong> (Universit\u00e9 Toulouse II &#8211; Jean Jaur\u00e8s)<\/p>\n\n\n\n<p class=\"has-text-align-center\"><em>&lt;<a href=\"mailto:adele.cassigneul@hotmail.fr\">adele.cassigneul@hotmail.fr<\/a>&gt;<\/em><\/p>\n\n\n\n<figure class=\"wp-block-image aligncenter is-resized\"><a href=\"https:\/\/etudes-woolfiennes.org\/wp-content\/uploads\/2017\/12\/p-Insert-3.png\"><img loading=\"lazy\" decoding=\"async\" width=\"282\" height=\"280\" src=\"http:\/\/etudes-woolfiennes.org\/wp-content\/uploads\/2017\/12\/p-Insert-3.png\" alt=\"\" class=\"wp-image-2073\" style=\"width:25px;height:auto\" srcset=\"https:\/\/etudes-woolfiennes.org\/wp-content\/uploads\/2017\/12\/p-Insert-3.png 282w, https:\/\/etudes-woolfiennes.org\/wp-content\/uploads\/2017\/12\/p-Insert-3-150x150.png 150w\" sizes=\"auto, (max-width: 282px) 100vw, 282px\" \/><\/a><\/figure>\n\n\n\n<p class=\"has-text-align-center\"><strong><em>Webmestre<\/em> : Charl\u00e8ne Dancoisne<\/strong><\/p>\n\n\n\n<p class=\"has-text-align-center\">&lt;<a href=\"mailto:c.dns@mailfence.com\" target=\"_blank\" rel=\"noreferrer noopener\"><em>c.dns@mailfence.com<\/em><\/a>><\/p>\n","protected":false},"excerpt":{"rendered":"<p>Pr\u00e9sidente : Anne Besnault (Universit\u00e9 de Rouen) &lt;anne.besnault@univ-rouen.fr&gt; Vice-Pr\u00e9sidente : Marie Laniel (Universit\u00e9 d&rsquo;Amiens) &lt;marie.laniel@gmail.com&gt; Vice-Pr\u00e9sident\uff65e : Val\u00e9rie Favre (Universit\u00e9 Paris 1 Panth\u00e9on-Sorbonne) &lt;vrfavre@gmail.com&gt; Secr\u00e9taire : Floriane Reviron-Pi\u00e9gay (Universit\u00e9 Jean Monnet) &lt;floriane.reviron.piegay@univ-st-etienne.fr&gt; Tr\u00e9sori\u00e8re et charg\u00e9e de communication : Ad\u00e8le Cassigneul (Universit\u00e9 Toulouse II &#8211; Jean Jaur\u00e8s) &lt;adele.cassigneul@hotmail.fr&gt; Webmestre : Charl\u00e8ne Dancoisne &lt;c.dns@mailfence.com><\/p>\n","protected":false},"author":1,"featured_media":0,"parent":0,"menu_order":1,"comment_status":"closed","ping_status":"open","template":"","meta":{"footnotes":""},"class_list":["post-21","page","type-page","status-publish","hentry"],"blocksy_meta":[],"_links":{"self":[{"href":"https:\/\/etudes-woolfiennes.org\/index.php?rest_route=\/wp\/v2\/pages\/21","targetHints":{"allow":["GET"]}}],"collection":[{"href":"https:\/\/etudes-woolfiennes.org\/index.php?rest_route=\/wp\/v2\/pages"}],"about":[{"href":"https:\/\/etudes-woolfiennes.org\/index.php?rest_route=\/wp\/v2\/types\/page"}],"author":[{"embeddable":true,"href":"https:\/\/etudes-woolfiennes.org\/index.php?rest_route=\/wp\/v2\/users\/1"}],"replies":[{"embeddable":true,"href":"https:\/\/etudes-woolfiennes.org\/index.php?rest_route=%2Fwp%2Fv2%2Fcomments&post=21"}],"version-history":[{"count":56,"href":"https:\/\/etudes-woolfiennes.org\/index.php?rest_route=\/wp\/v2\/pages\/21\/revisions"}],"predecessor-version":[{"id":4466,"href":"https:\/\/etudes-woolfiennes.org\/index.php?rest_route=\/wp\/v2\/pages\/21\/revisions\/4466"}],"wp:attachment":[{"href":"https:\/\/etudes-woolfiennes.org\/index.php?rest_route=%2Fwp%2Fv2%2Fmedia&parent=21"}],"curies":[{"name":"wp","href":"https:\/\/api.w.org\/{rel}","templated":true}]}}