{"id":3359,"date":"2021-01-15T11:02:21","date_gmt":"2021-01-15T09:02:21","guid":{"rendered":"http:\/\/etudes-woolfiennes.org\/?page_id=3359"},"modified":"2021-01-15T11:02:21","modified_gmt":"2021-01-15T09:02:21","slug":"3359-2","status":"publish","type":"page","link":"https:\/\/etudes-woolfiennes.org\/?page_id=3359","title":{"rendered":""},"content":{"rendered":"<p>Pr\u00e9sentation de la th\u00e8se en cours de Camille N\u00e9ron :<br \/>\n<em>Je r\u00e9alise pr\u00e9sentement une th\u00e8se de doctorat, <\/em>Virginia Woolf et Anne H\u00e9bert : id\u00e9al et renouveau romanesque<em>, \u00e0 l&rsquo;Universit\u00e9 de Sherbrooke (Qu\u00e9bec, Canada) sous la direction de la professeure Nathalie Watteyne. J&rsquo;y m\u00e8ne une \u00e9tude comparative de l&rsquo;ensemble des romans et nouvelles des \u00e9crivaines Virginia Woolf et Anne H\u00e9bert. H\u00e9bert \u00e9tant une lectrice de Woolf comme le t\u00e9moigne le contenu de sa biblioth\u00e8que personnelle l\u00e9gu\u00e9e \u00e0 l&rsquo;Universit\u00e9 de Sherbrooke, l&rsquo;objectif est d&rsquo;explorer la possibilit\u00e9 d&rsquo;une relation de filiation litt\u00e9raire et d&rsquo;approfondir la probl\u00e9matique d&rsquo;un id\u00e9al d&rsquo;\u00e9criture sur les plans formel et s\u00e9mantique commun aux deux auteures.\u00a0<span class=\"\">Mes recherches doctorales constituent le prolongement de mes recherches \u00e0 la ma\u00eetrise, au cours desquelles j&rsquo;ai r\u00e9dig\u00e9 le m\u00e9moire <\/span><\/em>L&rsquo;id\u00e9al de l&rsquo;\u00e9criture dans<span class=\"\">\u00a0<em>The Waves<\/em><\/span>\u00a0de Virginia Woolf et <span class=\"\"><em>Les fous<\/em> de Bassan<\/span>\u00a0d&rsquo;Anne H\u00e9bert : une \u00e9tude des apparentements entre les deux romans<em> <span class=\"\">(Universit\u00e9 de Sherbrooke, Canada, 2017).<\/span><\/em><\/p>\n","protected":false},"excerpt":{"rendered":"<p>Pr\u00e9sentation de la th\u00e8se en cours de Camille N\u00e9ron : Je r\u00e9alise pr\u00e9sentement une th\u00e8se de doctorat, Virginia Woolf et Anne H\u00e9bert : id\u00e9al et renouveau romanesque, \u00e0 l&rsquo;Universit\u00e9 de Sherbrooke (Qu\u00e9bec, Canada) sous la direction de la professeure Nathalie Watteyne. J&rsquo;y m\u00e8ne une \u00e9tude comparative de l&rsquo;ensemble des romans et nouvelles des \u00e9crivaines Virginia [&hellip;]<\/p>\n","protected":false},"author":2,"featured_media":0,"parent":0,"menu_order":0,"comment_status":"closed","ping_status":"closed","template":"","meta":{"footnotes":""},"class_list":["post-3359","page","type-page","status-publish","hentry"],"blocksy_meta":[],"_links":{"self":[{"href":"https:\/\/etudes-woolfiennes.org\/index.php?rest_route=\/wp\/v2\/pages\/3359","targetHints":{"allow":["GET"]}}],"collection":[{"href":"https:\/\/etudes-woolfiennes.org\/index.php?rest_route=\/wp\/v2\/pages"}],"about":[{"href":"https:\/\/etudes-woolfiennes.org\/index.php?rest_route=\/wp\/v2\/types\/page"}],"author":[{"embeddable":true,"href":"https:\/\/etudes-woolfiennes.org\/index.php?rest_route=\/wp\/v2\/users\/2"}],"replies":[{"embeddable":true,"href":"https:\/\/etudes-woolfiennes.org\/index.php?rest_route=%2Fwp%2Fv2%2Fcomments&post=3359"}],"version-history":[{"count":1,"href":"https:\/\/etudes-woolfiennes.org\/index.php?rest_route=\/wp\/v2\/pages\/3359\/revisions"}],"predecessor-version":[{"id":3360,"href":"https:\/\/etudes-woolfiennes.org\/index.php?rest_route=\/wp\/v2\/pages\/3359\/revisions\/3360"}],"wp:attachment":[{"href":"https:\/\/etudes-woolfiennes.org\/index.php?rest_route=%2Fwp%2Fv2%2Fmedia&parent=3359"}],"curies":[{"name":"wp","href":"https:\/\/api.w.org\/{rel}","templated":true}]}}