{"id":47,"date":"2010-03-24T22:57:49","date_gmt":"2010-03-24T21:57:49","guid":{"rendered":"http:\/\/etudes-woolfiennes.org\/?page_id=47"},"modified":"2025-10-18T19:07:05","modified_gmt":"2025-10-18T17:07:05","slug":"adherer","status":"publish","type":"page","link":"https:\/\/etudes-woolfiennes.org\/?page_id=47","title":{"rendered":"Adh\u00e9rer"},"content":{"rendered":"\n<p>La Soci\u00e9t\u00e9 d&rsquo;\u00c9tudes Woolfiennes est une soci\u00e9t\u00e9 savante qui s&rsquo;appuie sur les cotisations de ses membres pour organiser, financer et diffuser la recherche autour de l\u2019\u0153uvre de Virginia Woolf. Pour soutenir notre action, vous pouvez adh\u00e9rer \u00e0 l&rsquo;association au tarif pr\u00e9f\u00e9rentiel de 15\u20ac pour les \u00e9tudiant\u16ebes et les doctorant\u16ebes, ou pour 25\u20ac au tarif normal. L&rsquo;adh\u00e9sion se fait par ann\u00e9e universitaire (d&rsquo;octobre \u00e0 octobre), l&rsquo;appel au renouvellement des cotisations ayant g\u00e9n\u00e9ralement lieu juste apr\u00e8s l&rsquo;AG de la soci\u00e9t\u00e9.<\/p>\n\n\n\n<p>Vous pouvez r\u00e9gler votre adh\u00e9sion via la plateforme Yapla et le formulaire s\u00e9curis\u00e9 ci-dessous (paiement en quelques clics) par carte bancaire.<br>Pour celles et ceux qui souhaiteraient r\u00e9gler leur adh\u00e9sion par virement ou ch\u00e8que, vous pouvez remplir le bulletin d&rsquo;adh\u00e9sion \u00e0 l&rsquo;association (<a href=\"https:\/\/etudes-woolfiennes.org\/wp-content\/uploads\/2022\/02\/Bulletin-dadhe%CC%81sion.pdf\" target=\"_blank\" rel=\"noreferrer noopener\">en PDF imprimable<\/a>\u00a0ou au <a href=\"https:\/\/etudes-woolfiennes.org\/wp-content\/uploads\/2022\/02\/Bulletin-dadhe\u0301sion.docx\">format Word<\/a>) et le faire parvenir \u00e0 notre tr\u00e9sori\u00e8re (adele.cassigneul@hotmail.fr).<\/p>\n\n\n\n<figure class=\"wp-block-image aligncenter size-full is-resized\"><a href=\"https:\/\/etudes-woolfiennes.org\/wp-content\/uploads\/2024\/04\/p-Insert-1.png\"><img loading=\"lazy\" decoding=\"async\" width=\"282\" height=\"280\" src=\"https:\/\/etudes-woolfiennes.org\/wp-content\/uploads\/2024\/04\/p-Insert-1.png\" alt=\"\" class=\"wp-image-4009\" style=\"width:24px;height:auto\" srcset=\"https:\/\/etudes-woolfiennes.org\/wp-content\/uploads\/2024\/04\/p-Insert-1.png 282w, https:\/\/etudes-woolfiennes.org\/wp-content\/uploads\/2024\/04\/p-Insert-1-150x150.png 150w\" sizes=\"auto, (max-width: 282px) 100vw, 282px\" \/><\/a><\/figure>\n\n\n\n<p>The French Society for Woolf Studies is an academic society that relies on membership fees to organise, fund and disseminate research on the work of Virginia Woolf. To support our work, you can join the society at a preferential rate of \u20ac15 for students and doctoral candidates, or \u20ac25 at the standard rate. Membership is for one academic year (October to October), with membership fees generally renewed just after the society\u2019s general assembly.<\/p>\n\n\n\n<p>You can pay your membership fee via the Yapla platform and the secure form below (payment in a few clicks) by credit card.<br>For those who would like to pay their membership fee by bank transfer or cheque, you can fill in the membership form (<a href=\"https:\/\/etudes-woolfiennes.org\/wp-content\/uploads\/2022\/02\/Bulletin-dadhe%CC%81sion.pdf\" target=\"_blank\" rel=\"noreferrer noopener\">in printable PDF<\/a>\u00a0or <a href=\"https:\/\/etudes-woolfiennes.org\/wp-content\/uploads\/2022\/02\/Bulletin-dadhe\u0301sion.docx\">Word format<\/a>) and send it to our treasurer (adele.cassigneul@hotmail.fr).<\/p>\n\n\n\n<iframe loading=\"lazy\" width=\"950\" height=\"750\" src=\"https:\/\/sew.s2.yapla.com\/fr\/adh-sion-la-sew-18868\"><\/iframe>\n\n\n\n<p><\/p>\n","protected":false},"excerpt":{"rendered":"<p>La Soci\u00e9t\u00e9 d&rsquo;\u00c9tudes Woolfiennes est une soci\u00e9t\u00e9 savante qui s&rsquo;appuie sur les cotisations de ses membres pour organiser, financer et diffuser la recherche autour de l\u2019\u0153uvre de Virginia Woolf. Pour soutenir notre action, vous pouvez adh\u00e9rer \u00e0 l&rsquo;association au tarif pr\u00e9f\u00e9rentiel de 15\u20ac pour les \u00e9tudiant\u16ebes et les doctorant\u16ebes, ou pour 25\u20ac au tarif normal. [&hellip;]<\/p>\n","protected":false},"author":1,"featured_media":0,"parent":0,"menu_order":6,"comment_status":"closed","ping_status":"open","template":"","meta":{"footnotes":""},"class_list":["post-47","page","type-page","status-publish","hentry"],"blocksy_meta":[],"_links":{"self":[{"href":"https:\/\/etudes-woolfiennes.org\/index.php?rest_route=\/wp\/v2\/pages\/47","targetHints":{"allow":["GET"]}}],"collection":[{"href":"https:\/\/etudes-woolfiennes.org\/index.php?rest_route=\/wp\/v2\/pages"}],"about":[{"href":"https:\/\/etudes-woolfiennes.org\/index.php?rest_route=\/wp\/v2\/types\/page"}],"author":[{"embeddable":true,"href":"https:\/\/etudes-woolfiennes.org\/index.php?rest_route=\/wp\/v2\/users\/1"}],"replies":[{"embeddable":true,"href":"https:\/\/etudes-woolfiennes.org\/index.php?rest_route=%2Fwp%2Fv2%2Fcomments&post=47"}],"version-history":[{"count":58,"href":"https:\/\/etudes-woolfiennes.org\/index.php?rest_route=\/wp\/v2\/pages\/47\/revisions"}],"predecessor-version":[{"id":4471,"href":"https:\/\/etudes-woolfiennes.org\/index.php?rest_route=\/wp\/v2\/pages\/47\/revisions\/4471"}],"wp:attachment":[{"href":"https:\/\/etudes-woolfiennes.org\/index.php?rest_route=%2Fwp%2Fv2%2Fmedia&parent=47"}],"curies":[{"name":"wp","href":"https:\/\/api.w.org\/{rel}","templated":true}]}}